{"id":84,"date":"2026-03-21T01:29:45","date_gmt":"2026-03-21T01:29:45","guid":{"rendered":"https:\/\/aju.edu\/maas-center\/?page_id=84"},"modified":"2026-04-29T17:24:10","modified_gmt":"2026-04-29T17:24:10","slug":"newsroom","status":"publish","type":"page","link":"https:\/\/aju.edu\/maas-center\/newsroom\/","title":{"rendered":"News &amp; Events"},"content":{"rendered":"<section class=\"section--hero heroBanner no-bg\"\n    aria-level=\"News &amp; Events\" id=\"\">\n\n                \n    <div class=\"container\">\n        <div class=\"heroBanner__content \">\n            <h2 class=\"text-display-1 text-aju-blue-3\">\n                News &#038; Events\n            <\/h2>\n                                                                        <\/div>\n    <\/div>\n<\/section>\n\n\n<section class=\"section--content-feed bg-maas-purple-4 text-white py-6 md:py-8 lg:py-16\" id=\"\"\n    aria-level=\"News\">\n    <div class=\"container\">\n        \n        <div class=\"flex justify-between mb-10.25 items-center\">\n            <h2 class=\"text-subhead-2 text-white mb-0\">News<\/h2>\n                            <a href=https:\/\/aju.edu\/maas-center\/news\/\n    class=\"inline-flex gap-2 items-center justify-center rounded-full border-2 text-button-text tracking-tight no-underline! cursor-pointer transition-all duration-300 ease-in-out px-5 py-5 border-0! p-0! bg-transparent! text-brand rounded-none no-underline! text-white\" target=\"_self\">\n    \n            <span class=\"no-underline!\">See all<\/span>\n    \n            <svg \n    class=\"w-6 h-6 w-4 h-4\" \n    viewBox=\"0 0 33 34\" \n    fill=\"none\" \n    stroke=\"currentColor\" \n    xmlns=\"http:\/\/www.w3.org\/2000\/svg\"\n>\n    <path stroke-width=\"2\" d=\"M15 0.7071l16 16-16 16M5e-3 16.4521h30\" \/>\n<\/svg>\n\n\n        <\/a>\n                    <\/div>\n                <div class=\"grid grid-cols-1  gap-10 md:gap-6\">\n                            <div class=\"flex flex-col  grid md:grid-cols-2 items-center gap-6 News\">\n\n    \n    \n    \n    <div class=\"post-card--body flex flex-col gap-3 items-start \">\n\n        \n        <div class=\"flex gap-3 items-center\">\n                            <div\n                    class=\"bg-aju-blue-light px-3 py-1.5 text-eyebrow font-medium text-maas-purple-4 rounded-4xl no-underline! inline-block\">\n                    News\n                <\/div>\n            \n            <div class=\"text-eyebrow text-white\">\n                                    December 9, 2025\n                            <\/div>\n        <\/div>\n\n        \n                    <h3 class=\"text-subhead-3 text-white mb-0\">\n                <a href=\"https:\/\/aju.edu\/news\/jewish-future-calling-and-aju-answering-0\/\" class=\"hover:underline! no-underline! text-white\" \n                >\n                    The Jewish future is calling \u2014 and AJU is answering\n                <\/a>\n            <\/h3>\n        \n        \n                    <p class=\"text-white text-body-2 line-clamp-3\">\n                Seven months ago, after a three-year planned hiatus from Jewish communal leadership, I became the president of American Jewish University (AJU) with only one goal: to reimagine and rebuild the foundation of Jewish life in North America.\u00a0A dear friend and &hellip;\n            <\/p>\n        \n        \n                                    <a href=https:\/\/aju.edu\/news\/jewish-future-calling-and-aju-answering-0\/\n    class=\"inline-flex gap-2 items-center justify-center rounded-full border-2 text-button-text tracking-tight no-underline! cursor-pointer transition-all duration-300 ease-in-out px-5 py-5 border-0! p-0! bg-transparent! text-white rounded-none text-white border-b-2! pb-1.5! border-offset-2\" target=\"_self\" rel=\"\">\n    \n            <span class=\"no-underline!\">Learn more<\/span>\n    \n        <\/a>\n                    \n    <\/div>\n<\/div>\n                            <div class=\"flex flex-col  grid md:grid-cols-2 items-center gap-6 News\">\n\n    \n    \n    \n    <div class=\"post-card--body flex flex-col gap-3 items-start \">\n\n        \n        <div class=\"flex gap-3 items-center\">\n                            <div\n                    class=\"bg-aju-blue-light px-3 py-1.5 text-eyebrow font-medium text-maas-purple-4 rounded-4xl no-underline! inline-block\">\n                    News\n                <\/div>\n            \n            <div class=\"text-eyebrow text-white\">\n                                    November 26, 2025\n                            <\/div>\n        <\/div>\n\n        \n                    <h3 class=\"text-subhead-3 text-white mb-0\">\n                <a href=\"https:\/\/aju.edu\/news\/ancient-rhythm-gratitude-0\/\" class=\"hover:underline! no-underline! text-white\" \n                >\n                    The Ancient Rhythm of Gratitude\n                <\/a>\n            <\/h3>\n        \n        \n                    <p class=\"text-white text-body-2 line-clamp-3\">\n                May this season open our eyes, widen our hearts, and deepen our awareness of the blessings that surround us.\u00a0In Judaism, we are asked to pray every day \u2014 three times a day, in fact \u2014 and our ancient tradition gives &hellip;\n            <\/p>\n        \n        \n                                    <a href=https:\/\/aju.edu\/news\/ancient-rhythm-gratitude-0\/\n    class=\"inline-flex gap-2 items-center justify-center rounded-full border-2 text-button-text tracking-tight no-underline! cursor-pointer transition-all duration-300 ease-in-out px-5 py-5 border-0! p-0! bg-transparent! text-white rounded-none text-white border-b-2! pb-1.5! border-offset-2\" target=\"_self\" rel=\"\">\n    \n            <span class=\"no-underline!\">Learn more<\/span>\n    \n        <\/a>\n                    \n    <\/div>\n<\/div>\n                            <div class=\"flex flex-col  grid md:grid-cols-2 items-center gap-6 News\">\n\n    \n    \n    \n    <div class=\"post-card--body flex flex-col gap-3 items-start \">\n\n        \n        <div class=\"flex gap-3 items-center\">\n                            <div\n                    class=\"bg-aju-blue-light px-3 py-1.5 text-eyebrow font-medium text-maas-purple-4 rounded-4xl no-underline! inline-block\">\n                    News\n                <\/div>\n            \n            <div class=\"text-eyebrow text-white\">\n                                    March 3, 2025\n                            <\/div>\n        <\/div>\n\n        \n                    <h3 class=\"text-subhead-3 text-white mb-0\">\n                <a href=\"https:\/\/aju.edu\/news\/american-jewish-universitys-maas-center-launches-origin-story\/\" class=\"hover:underline! no-underline! text-white\" \n                >\n                    American Jewish University&#8217;s Maas Center Launches \u2018The Origin Story\u2019\n                <\/a>\n            <\/h3>\n        \n        \n                    <p class=\"text-white text-body-2 line-clamp-3\">\n                American Jewish University\u2019s (AJU) Maas Center announces the launch of The Origin Story, an online platform dedicated to supporting and educating individuals exploring their Jewish ancestry, culture, and community.\u00a0Whether someone has recently uncovered Jewish roots through family history or DNA &hellip;\n            <\/p>\n        \n        \n                                    <a href=https:\/\/aju.edu\/news\/american-jewish-universitys-maas-center-launches-origin-story\/\n    class=\"inline-flex gap-2 items-center justify-center rounded-full border-2 text-button-text tracking-tight no-underline! cursor-pointer transition-all duration-300 ease-in-out px-5 py-5 border-0! p-0! bg-transparent! text-white rounded-none text-white border-b-2! pb-1.5! border-offset-2\" target=\"_self\" rel=\"\">\n    \n            <span class=\"no-underline!\">Learn more<\/span>\n    \n        <\/a>\n                    \n    <\/div>\n<\/div>\n                    <\/div>\n    <\/div>\n<\/section>\n\n\n<section class=\"section--content-feed bg-maas-purple-3 text-white py-6 md:py-8 lg:py-16\" id=\"\"\n    aria-level=\"Events\">\n    <div class=\"container\">\n        \n        <div class=\"flex justify-between mb-10.25 items-center\">\n            <h2 class=\"text-subhead-2 text-white mb-0\">Events<\/h2>\n                            <a href=https:\/\/aju.edu\/maas-center\/events\/\n    class=\"inline-flex gap-2 items-center justify-center rounded-full border-2 text-button-text tracking-tight no-underline! cursor-pointer transition-all duration-300 ease-in-out px-5 py-5 border-0! p-0! bg-transparent! text-brand rounded-none no-underline! text-white\" target=\"_self\">\n    \n            <span class=\"no-underline!\">See all<\/span>\n    \n            <svg \n    class=\"w-6 h-6 w-4 h-4\" \n    viewBox=\"0 0 33 34\" \n    fill=\"none\" \n    stroke=\"currentColor\" \n    xmlns=\"http:\/\/www.w3.org\/2000\/svg\"\n>\n    <path stroke-width=\"2\" d=\"M15 0.7071l16 16-16 16M5e-3 16.4521h30\" \/>\n<\/svg>\n\n\n        <\/a>\n                    <\/div>\n                <div class=\"grid grid-cols-1  gap-10 md:gap-6\">\n                            <div class=\"flex flex-col  grid md:grid-cols-2 items-center gap-6 tribe_events\">\n\n    \n            <div class=\"post-card--image aspect-video overflow-hidden rounded-sm\">\n            <picture ><source srcset=\"https:\/\/aju.edu\/app\/uploads\/2026\/03\/Intro-to-Judaism-English-2-800x450.jpg 800w, https:\/\/aju.edu\/app\/uploads\/2026\/03\/Intro-to-Judaism-English-2-300x169.jpg 300w, https:\/\/aju.edu\/app\/uploads\/2026\/03\/Intro-to-Judaism-English-2-1024x576.jpg 1024w, https:\/\/aju.edu\/app\/uploads\/2026\/03\/Intro-to-Judaism-English-2-768x432.jpg 768w, https:\/\/aju.edu\/app\/uploads\/2026\/03\/Intro-to-Judaism-English-2-1536x864.jpg 1536w, https:\/\/aju.edu\/app\/uploads\/2026\/03\/Intro-to-Judaism-English-2-2048x1152.jpg 2048w, https:\/\/aju.edu\/app\/uploads\/2026\/03\/Intro-to-Judaism-English-2-1440x810.jpg 1440w, https:\/\/aju.edu\/app\/uploads\/2026\/03\/Intro-to-Judaism-English-2-532x299.jpg 532w\" sizes=\"(max-width: 800px) 100vw, 800px\" type=\"image\/jpg\"> <img decoding=\"async\" src=\"https:\/\/aju.edu\/app\/uploads\/2026\/03\/Intro-to-Judaism-English-2-800x450.jpg\" role=\"img\"alt=\"Intro to Judaism (English) 2\" property=\"v:image\" class=\"w-full h-full object-cover block\"  content=\"https:\/\/aju.edu\/app\/uploads\/2026\/03\/Intro-to-Judaism-English-2-800x450.jpg\"    \/><\/picture>\n        <\/div>\n\n    \n    \n    <div class=\"post-card--body flex flex-col gap-3 items-start \">\n\n        \n        <div class=\"flex gap-3 items-center\">\n                            <div\n                    class=\"bg-aju-blue-light px-3 py-1.5 text-eyebrow font-medium text-maas-purple-3 rounded-4xl no-underline! inline-block\">\n                    Event\n                <\/div>\n            \n            <div class=\"text-eyebrow text-white\">\n                                    <div class=\"tribe-events-calendar-event__date\">\n\t<time\n\t\tclass=\"tribe-events-calendar-event__meta tribe-events-calendar-event-date__meta-start\" datetime=\"\">\n\t\t\t\t\t<span class=\"tribe-events-calendar__meta-month\">May<\/span>\n\t\t\t\t\t\t\t<span class=\"tribe-events-calendar__meta-day\">7, 2026<\/span>\n\t\t\t\t\n\t<\/time>\n\t\t\t<span class=\"tribe-events-separator date\"> &#8211; <\/span>\n\t\t<time class=\"tribe-events-calendar-event__meta tribe-events-calendar-event-date__meta-end\" datetime=\"\">\n\t\t\t\t\t\t\t<span class=\"tribe-events-calendar__meta-month\">September<\/span>\n\t\t\t\t\t\t\t\t\t\t<span class=\"tribe-events-calendar__meta-day\">17, 2026<\/span>\n\t\t\t\t\t\t\n\t\t<\/time>\n\t<\/div>\n                            <\/div>\n        <\/div>\n\n        \n                    <h3 class=\"text-subhead-3 text-white mb-0\">\n                <a href=\"https:\/\/aju.edu\/event\/intro-to-judaism-english-2\/\" class=\"hover:underline! no-underline! text-white\" \n                >\n                    Intro to Judaism\n                <\/a>\n            <\/h3>\n        \n        \n                    <p class=\"text-white text-body-2 line-clamp-3\">\n                The Miller Introduction to Judaism program at American Jewish University is an 18-week course exploring Jewish history, beliefs, rituals, and values in an open, welcoming environment. Designed for anyone Jewish, Jew-ish, or Jew-curious, it offers a meaningful pathway for learning, &hellip;\n            <\/p>\n        \n        \n                    <div class=\"tribe-events-calendar-event__time-wrapper text-white\">\n\n    \n                <time class=\"tribe-events-calendar-event__time\" datetime=\"18:30:00\">\n            6:30 PM\n        <\/time>\n    <\/div>            \n            \n                            <a href=https:\/\/americanjewishuniversity.regfox.com\/miller-intro-to-judaism-program-25-26--online-classes?utm_source=newsletter&amp;utm_medium=email&amp;utm_content=REGISTER%20%E2%9E%9C&amp;utm_campaign=MAAS%20CENTER%20GENERAL%20August%202025\n    class=\"inline-flex gap-2 items-center justify-center rounded-full border-2 text-button-text tracking-tight no-underline! cursor-pointer transition-all duration-300 ease-in-out px-5 py-5 border-0! p-0! bg-transparent! text-brand rounded-none text-white border-b-2! pb-1.5! border-offset-2\" target=\"_self\">\n    \n            <span class=\"no-underline!\">Save your spot<\/span>\n    \n        <\/a>\n                        \n        \n    <\/div>\n<\/div>\n                            <div class=\"flex flex-col  grid md:grid-cols-2 items-center gap-6 tribe_events\">\n\n    \n            <div class=\"post-card--image aspect-video overflow-hidden rounded-sm\">\n            <picture ><source srcset=\"https:\/\/aju.edu\/app\/uploads\/2026\/03\/Intro-to-Judaism-Espanol-800x450.jpg 800w, https:\/\/aju.edu\/app\/uploads\/2026\/03\/Intro-to-Judaism-Espanol-300x169.jpg 300w, https:\/\/aju.edu\/app\/uploads\/2026\/03\/Intro-to-Judaism-Espanol-1024x576.jpg 1024w, https:\/\/aju.edu\/app\/uploads\/2026\/03\/Intro-to-Judaism-Espanol-768x432.jpg 768w, https:\/\/aju.edu\/app\/uploads\/2026\/03\/Intro-to-Judaism-Espanol-1536x864.jpg 1536w, https:\/\/aju.edu\/app\/uploads\/2026\/03\/Intro-to-Judaism-Espanol-2048x1152.jpg 2048w, https:\/\/aju.edu\/app\/uploads\/2026\/03\/Intro-to-Judaism-Espanol-1440x810.jpg 1440w, https:\/\/aju.edu\/app\/uploads\/2026\/03\/Intro-to-Judaism-Espanol-532x299.jpg 532w\" sizes=\"(max-width: 800px) 100vw, 800px\" type=\"image\/jpg\"> <img decoding=\"async\" src=\"https:\/\/aju.edu\/app\/uploads\/2026\/03\/Intro-to-Judaism-Espanol-800x450.jpg\" role=\"img\"alt=\"Intro to Judaism (Espanol)\" property=\"v:image\" class=\"w-full h-full object-cover block\"  content=\"https:\/\/aju.edu\/app\/uploads\/2026\/03\/Intro-to-Judaism-Espanol-800x450.jpg\"    \/><\/picture>\n        <\/div>\n\n    \n    \n    <div class=\"post-card--body flex flex-col gap-3 items-start \">\n\n        \n        <div class=\"flex gap-3 items-center\">\n                            <div\n                    class=\"bg-aju-blue-light px-3 py-1.5 text-eyebrow font-medium text-maas-purple-3 rounded-4xl no-underline! inline-block\">\n                    Event\n                <\/div>\n            \n            <div class=\"text-eyebrow text-white\">\n                                    <div class=\"tribe-events-calendar-event__date\">\n\t<time\n\t\tclass=\"tribe-events-calendar-event__meta tribe-events-calendar-event-date__meta-start\" datetime=\"\">\n\t\t\t\t\t<span class=\"tribe-events-calendar__meta-month\">July<\/span>\n\t\t\t\t\t\t\t<span class=\"tribe-events-calendar__meta-day\">21, 2026<\/span>\n\t\t\t\t\n\t<\/time>\n\t\t\t<span class=\"tribe-events-separator date\"> &#8211; <\/span>\n\t\t<time class=\"tribe-events-calendar-event__meta tribe-events-calendar-event-date__meta-end\" datetime=\"\">\n\t\t\t\t\t\t\t<span class=\"tribe-events-calendar__meta-month\">November<\/span>\n\t\t\t\t\t\t\t\t\t\t<span class=\"tribe-events-calendar__meta-day\">29, 2026<\/span>\n\t\t\t\t\t\t\n\t\t<\/time>\n\t<\/div>\n                            <\/div>\n        <\/div>\n\n        \n                    <h3 class=\"text-subhead-3 text-white mb-0\">\n                <a href=\"https:\/\/aju.edu\/event\/intro-to-judaism-espanol\/\" class=\"hover:underline! no-underline! text-white\" \n                >\n                    Intro to Judaism (Espa\u00f1ol)\n                <\/a>\n            <\/h3>\n        \n        \n                    <p class=\"text-white text-body-2 line-clamp-3\">\n                El programa Miller Introduction to Judaism de American Jewish University es un curso de 18 semanas que explora la historia, las creencias, los rituales y los valores del juda\u00edsmo en un entorno abierto y acogedor. Dise\u00f1ado para cualquier persona jud\u00eda, &hellip;\n            <\/p>\n        \n        \n                    <div class=\"tribe-events-calendar-event__time-wrapper text-white\">\n\n    \n                <time class=\"tribe-events-calendar-event__time\" datetime=\"10:00:00\">\n            10:00 AM\n        <\/time>\n    <\/div>            \n            \n                            <a href=https:\/\/americanjewishuniversity.regfox.com\/miller-introduccion-al-judasmo-junio-2026-zoom?utm_source=newsletter&amp;utm_medium=email&amp;utm_content=INSCRIBETE%20%E2%9E%9C&amp;utm_campaign=MAAS%20CENTER%20GENERAL%20August%202024\n    class=\"inline-flex gap-2 items-center justify-center rounded-full border-2 text-button-text tracking-tight no-underline! cursor-pointer transition-all duration-300 ease-in-out px-5 py-5 border-0! p-0! bg-transparent! text-brand rounded-none text-white border-b-2! pb-1.5! border-offset-2\" target=\"_self\">\n    \n            <span class=\"no-underline!\">Save your spot<\/span>\n    \n        <\/a>\n                        \n        \n    <\/div>\n<\/div>\n                    <\/div>\n    <\/div>\n<\/section>\n","protected":false},"excerpt":{"rendered":"","protected":false},"author":2,"featured_media":0,"parent":0,"menu_order":0,"comment_status":"closed","ping_status":"closed","template":"template-block-left-sidebar.blade.php","meta":{"_acf_changed":false,"inline_featured_image":false,"footnotes":""},"class_list":["post-84","page","type-page","status-publish","hentry"],"acf":[],"_links":{"self":[{"href":"https:\/\/aju.edu\/maas-center\/wp-json\/wp\/v2\/pages\/84","targetHints":{"allow":["GET"]}}],"collection":[{"href":"https:\/\/aju.edu\/maas-center\/wp-json\/wp\/v2\/pages"}],"about":[{"href":"https:\/\/aju.edu\/maas-center\/wp-json\/wp\/v2\/types\/page"}],"author":[{"embeddable":true,"href":"https:\/\/aju.edu\/maas-center\/wp-json\/wp\/v2\/users\/2"}],"replies":[{"embeddable":true,"href":"https:\/\/aju.edu\/maas-center\/wp-json\/wp\/v2\/comments?post=84"}],"version-history":[{"count":5,"href":"https:\/\/aju.edu\/maas-center\/wp-json\/wp\/v2\/pages\/84\/revisions"}],"predecessor-version":[{"id":2304,"href":"https:\/\/aju.edu\/maas-center\/wp-json\/wp\/v2\/pages\/84\/revisions\/2304"}],"wp:attachment":[{"href":"https:\/\/aju.edu\/maas-center\/wp-json\/wp\/v2\/media?parent=84"}],"curies":[{"name":"wp","href":"https:\/\/api.w.org\/{rel}","templated":true}]}}